{"id":164,"date":"2024-11-03T14:37:33","date_gmt":"2024-11-03T14:37:33","guid":{"rendered":"https:\/\/somanest.fi\/?page_id=164"},"modified":"2025-02-02T07:51:10","modified_gmt":"2025-02-02T07:51:10","slug":"tarinamme","status":"publish","type":"page","link":"https:\/\/somanest.fi\/index.php\/tarinamme\/","title":{"rendered":"Tarinamme"},"content":{"rendered":"\t\t<div data-elementor-type=\"wp-page\" data-elementor-id=\"164\" class=\"elementor elementor-164\" data-elementor-post-type=\"page\">\n\t\t\t\t<div class=\"elementor-element elementor-element-28bb0d5f e-flex e-con-boxed e-con e-parent\" data-id=\"28bb0d5f\" data-element_type=\"container\">\n\t\t\t\t\t<div class=\"e-con-inner\">\n\t\t<div class=\"elementor-element elementor-element-753b9d6 e-con-full e-flex e-con e-child\" data-id=\"753b9d6\" data-element_type=\"container\">\n\t\t\t\t<div class=\"elementor-element elementor-element-f9c9c1e elementor-widget elementor-widget-text-editor\" data-id=\"f9c9c1e\" data-element_type=\"widget\" data-widget_type=\"text-editor.default\">\n\t\t\t\t<div class=\"elementor-widget-container\">\n\t\t\t\t\t\t\t<h1 class=\"wp-block-heading has-text-align-center has-x-large-font-size\">Tarinamme<\/h1>\n<p><!-- \/wp:heading --><!-- wp:spacer {\"height\":\"1.25rem\"} --><\/p>\n<div class=\"wp-block-spacer\" aria-hidden=\"true\">\u00a0<\/div>\n<p><!-- \/wp:spacer --><!-- wp:paragraph {\"align\":\"center\"} --><\/p>\n<p class=\"has-text-align-center\">Somanest syntyi kolmen sairaanhoitajataustaisen naisen innostuksesta halusta tarjota palveluita, joissa asiakas on aidosti keski\u00f6ss\u00e4. Me uskomme, ett\u00e4 kiireett\u00f6myys, kuunteleminen, yksil\u00f6lliset ratkaisut ja laatu ovat avain hyv\u00e4\u00e4n asiakaskokemukseen. Haluamme tehd\u00e4 asiat hyvin ja vastuullisesti, ja tuottaa yhteiskunnallisesti merkitt\u00e4vi\u00e4 palveluita, jotka parantavat ihmisten arkea. Palvelumme on juuri sit\u00e4, mit\u00e4 asiakas toivoo ja tarvitsee &#8211; ja me pid\u00e4mme lupauksemme. Meille vastuullisuus on tekoja, jotka n\u00e4kyv\u00e4t asiakkaidemme arjessa.<\/p>\t\t\t\t\t\t<\/div>\n\t\t\t\t<\/div>\n\t\t\t\t<\/div>\n\t\t\t\t\t<\/div>\n\t\t\t\t<\/div>\n\t\t<div class=\"elementor-element elementor-element-9b2d7f4 e-flex e-con-boxed e-con e-parent\" data-id=\"9b2d7f4\" data-element_type=\"container\">\n\t\t\t\t\t<div class=\"e-con-inner\">\n\t\t\t\t<div class=\"elementor-element elementor-element-15a0d04 elementor-widget elementor-widget-image\" data-id=\"15a0d04\" data-element_type=\"widget\" data-widget_type=\"image.default\">\n\t\t\t\t<div class=\"elementor-widget-container\">\n\t\t\t\t\t\t\t\t\t\t\t\t\t<img fetchpriority=\"high\" decoding=\"async\" width=\"1024\" height=\"682\" src=\"https:\/\/somanest.fi\/wp-content\/uploads\/2024\/11\/image.jpeg\" class=\"attachment-large size-large wp-image-174\" alt=\"\" srcset=\"https:\/\/somanest.fi\/wp-content\/uploads\/2024\/11\/image.jpeg 1024w, https:\/\/somanest.fi\/wp-content\/uploads\/2024\/11\/image-300x200.jpeg 300w, https:\/\/somanest.fi\/wp-content\/uploads\/2024\/11\/image-768x512.jpeg 768w\" sizes=\"(max-width: 1024px) 100vw, 1024px\" \/>\t\t\t\t\t\t\t\t\t\t\t\t\t<\/div>\n\t\t\t\t<\/div>\n\t\t\t\t\t<\/div>\n\t\t\t\t<\/div>\n\t\t\t\t<\/div>\n\t\t","protected":false},"excerpt":{"rendered":"<p>Tarinamme \u00a0 Somanest syntyi kolmen sairaanhoitajataustaisen naisen innostuksesta halusta tarjota palveluita, joissa asiakas on aidosti keski\u00f6ss\u00e4. Me uskomme, ett\u00e4 kiireett\u00f6myys, kuunteleminen, yksil\u00f6lliset ratkaisut ja laatu ovat avain hyv\u00e4\u00e4n asiakaskokemukseen. Haluamme tehd\u00e4 asiat hyvin ja vastuullisesti, ja tuottaa yhteiskunnallisesti merkitt\u00e4vi\u00e4 palveluita, jotka parantavat ihmisten arkea. Palvelumme on juuri sit\u00e4, mit\u00e4 asiakas toivoo ja tarvitsee &#8211; ja [&hellip;]<\/p>\n","protected":false},"author":2,"featured_media":0,"parent":0,"menu_order":5,"comment_status":"closed","ping_status":"closed","template":"","meta":{"footnotes":""},"class_list":["post-164","page","type-page","status-publish","hentry"],"_links":{"self":[{"href":"https:\/\/somanest.fi\/index.php\/wp-json\/wp\/v2\/pages\/164","targetHints":{"allow":["GET"]}}],"collection":[{"href":"https:\/\/somanest.fi\/index.php\/wp-json\/wp\/v2\/pages"}],"about":[{"href":"https:\/\/somanest.fi\/index.php\/wp-json\/wp\/v2\/types\/page"}],"author":[{"embeddable":true,"href":"https:\/\/somanest.fi\/index.php\/wp-json\/wp\/v2\/users\/2"}],"replies":[{"embeddable":true,"href":"https:\/\/somanest.fi\/index.php\/wp-json\/wp\/v2\/comments?post=164"}],"version-history":[{"count":13,"href":"https:\/\/somanest.fi\/index.php\/wp-json\/wp\/v2\/pages\/164\/revisions"}],"predecessor-version":[{"id":248,"href":"https:\/\/somanest.fi\/index.php\/wp-json\/wp\/v2\/pages\/164\/revisions\/248"}],"wp:attachment":[{"href":"https:\/\/somanest.fi\/index.php\/wp-json\/wp\/v2\/media?parent=164"}],"curies":[{"name":"wp","href":"https:\/\/api.w.org\/{rel}","templated":true}]}}